, 47, 599
What are the prime factors of 244183?
61, 4003
What are the prime factors of 7905760?
2, 5, 49411
List the prime factors of 743885.
5, 37, 4021
What are the prime factors of 2177056?
2, 7, 9719
What are the prime factors of 6626617?
17, 107, 3643
List the prime factors of 440184.
2, 3, 18341
What are the prime factors of 8846022?
2, 3, 523, 2819
What are the prime factors of 341888?
2, 2671
What are the prime factors of 608947?
608947
List the prime factors of 1253746.
2, 13, 48221
What are the prime factors of 3141693?
3, 116359
List the prime factors of 494145.
3, 5, 79, 139
List the prime factors of 8236912.
2, 109, 4723
List the prime factors of 9516673.
9516673
List the prime factors of 20697028.
2, 11, 173, 2719
What are the prime factors of 24009444?
2, 3, 666929
What are the prime factors of 16830001?
2153, 7817
What are the prime factors of 45147?
3, 101, 149
List the prime factors of 842489.
842489
List the prime factors of 812910.
2, 3, 5, 7, 79
List the prime factors of 357420.
2, 3, 5, 7, 23, 37
List the prime factors of 14813265.
3, 5, 23, 42937
List the prime factors of 9949463.
967, 10289
List the prime factors of 1733952.
2, 3, 11, 821
List the prime factors of 662663.
19, 34877
List the prime factors of 517594.
2, 7, 11, 3361
List the prime factors of 184539.
3, 137, 449
List the prime factors of 637131.
3, 11, 43, 449
List the prime factors of 686548.
2, 171637
What are the prime factors of 2844397?
2844397
List the prime factors of 2308289.
269, 8581
List the prime factors of 2332218.
2, 3, 7, 55529
List the prime factors of 3539627.
7, 13, 97, 401
What are the prime factors of 1019788?
2, 7, 11, 43
What are the prime factors of 12657320?
2, 5, 13, 101, 241
List the prime factors of 2481695.
5, 496339
What are the prime factors of 4858449?
3, 593, 2731
What are the prime factors of 416078?
2, 13, 1231
List the prime factors of 29247176.
2, 7, 101, 5171
What are the prime factors of 11641298?
2, 877, 6637
List the prime factors of 126472.
2, 15809
List the prime factors of 239088.
2, 3, 17, 293
What are the prime factors of 372917?
372917
What are the prime factors of 20320594?
2, 7, 101, 2053
What are the prime factors of 1752543?
3, 13, 4993
What are the prime factors of 708474?
2, 3, 13, 31, 293
List the prime factors of 30445.
5, 6089
What are the prime factors of 4230850?
2, 5, 13, 23, 283
List the prime factors of 114980.
2, 5, 5749
List the prime factors of 1745503.
73, 23911
What are the prime factors of 182516?
2, 103, 443
What are the prime factors of 13819172?
2, 3454793
List the prime factors of 1699459.
1181, 1439
What are the prime factors of 728576?
2, 1423
What are the prime factors of 5838024?
2, 3, 43, 5657
List the prime factors of 1023677.
641, 1597
What are the prime factors of 4419929?
229, 19301
List the prime factors of 3253509.
3, 7, 43, 1201
What are the prime factors of 985871?
985871
List the prime factors of 27746.
2, 13873
List the prime factors of 6418381.
6418381
List the prime factors of 2092597.
13, 160969
List the prime factors of 3905340.
2, 3, 5, 65089
List the prime factors of 1382032.
2, 17, 5081
What are the prime factors of 778297?
13, 19, 23, 137
What are the prime factors of 4985480?
2, 5, 23, 5419
What are the prime factors of 5567766?
2, 3, 927961
What are the prime factors of 3764235?
3, 5, 250949
List the prime factors of 1439950.
2, 5, 31, 929
List the prime factors of 4095408.
2, 3, 41, 2081
List the prime factors of 4860544.
2, 13, 23, 127
List the prime factors of 6585956.
2, 13, 126653
What are the prime factors of 264745?
5, 13, 4073
List the prime factors of 498104.
2, 19, 29, 113
What are the prime factors of 553913?
683, 811
List the prime factors of 15797907.
3, 547, 3209
List the prime factors of 3529750.
2, 5, 7, 2017
What are the prime factors of 1321812?
2, 3, 12239
What are the prime factors of 15874687?
29, 499, 1097
List the prime factors of 22479433.
31, 487, 1489
What are the prime factors of 82837?
82837
What are the prime factors of 110355?
3, 5, 7, 1051
List the prime factors of 914736.
2, 3, 17, 19, 59
List the prime factors of 1026046.
2, 7, 83, 883
List the prime factors of 5490129.
3, 659, 2777
List the prime factors of 9984503.
181, 55163
List the prime factors of 642057.
3, 13, 101, 163
List the prime factors of 53587.
41, 1307
List the prime factors of 7182287.
7, 1026041
What are the prime factors of 7167610?
2, 5, 239, 2999
What are the prime factors of 592638?
2, 3, 98773
What are the prime factors of 15176805?
3, 5, 7, 144541
List the prime factors of 5979823.
5979823
What are the prime factors of 4745167?
7, 47, 14423
List the prime factors of 2769651.
3, 439, 701
What are the prime factors of 866072?
2, 73, 1483
What are the prime factors of 6637035?
3, 5, 442469
What are the prime factors of 241128?
2, 3, 17, 197
List the prime factors of 468771.
3, 156257
List the prime factors of 1085722.
2, 11, 17, 2903
What are the prime factors of 12138526?
2, 23, 263881
List the prime factors of 366526.
2, 183263
What are the prime factors of 17068410?
2, 3, 5, 61, 3109
What are the prime factors of 164690?
2, 5, 43, 383
List the prime factors of 4427542.
2, 7, 45179
What are the prime factors of 250194?
2, 3, 7, 23, 37
List the prime factors of 300337.
233, 1289
List the prime factors of 2067528.
2, 3, 277, 311
List the prime factors of 726167.
13, 83, 673
List the prime factors of 655249.
7, 93607
List the prime factors of 2337432.
2, 3, 17, 337
List the prime factors of 12313486.
2, 1567, 3929
What are the prime factors of 110997?
3, 4111
List the prime factors of 620614.
2, 61, 5087
What are the prime factors of 11861979?
3, 3953993
What are the prime factors of 48044?
2, 12011
List the prime factors of 50870.
2, 5, 5087
List the prime factors of 1960211.
11, 19, 83, 113
What are the prime factors of 8772915?
3, 5, 199, 2939
List the prime factors of 15391490.
2, 5, 1539149
List the prime factors of 764015.
5, 7, 83, 263
What are the prime factors of 2975810?
2, 5, 297581
What are the prime factors of 6036519?
3, 2012173
List the prime factors of 173185.
5, 19, 1823
What are the prime factors of 247494?
2, 3, 13, 19, 167
List the prime factors of 341811.
3, 163, 233
What are the prime factors of 448080?
2, 3, 5, 1867
What are the prime factors of 792855?
3, 5, 7, 839
List the prime factors of 1004046.
2, 3, 167341
What are the prime factors of 126725?
5, 37, 137
List the prime factors of 596289.
3, 47, 4229
List the prime factors of 338591.
11, 30781
What are the prime factors of 12278607?
3, 11, 17, 43, 509
What are the prime factors of 3644913?
3, 1214971
What are the prime factors of 415860?
2, 3, 5, 29, 239
What are the prime factors of 227809?
37, 47, 131
List the prime factors of 662013.
3, 11, 743
What are the prime factors of 814370?
2, 5, 31, 37, 71
What are the prime factors of 125885?
5, 17, 1481
What are the prime factors of 745828?
2, 137, 1361
List the prime factors of 4730455.
5, 946091
What are the prime factors of 736458?
2, 3, 122743
List the prime factors of 13974853.
653, 21401
List the prime factors of 506364.
2, 3, 42197
What are the prime factors of 165734?
2, 173, 479
List the prime factors of 550095.
3, 5, 7, 13, 31
List the prime factors of 155783.
155783
What are the prime factors of 1466172?
2, 3, 139, 293
What are the prime factors of 429528?
2, 3, 11, 1627
What are the prime factors of 451285?
5, 43, 2099
List the prime factors of 2254106.
2, 1009, 1117
List the prime factors of 8502606.
2, 3, 7, 67481
What are the prime factors of 5694890?
2, 5, 211, 2699
List the prime factors of 23243817.
3, 59, 131321
List the prime factors of 1657731.
3, 19, 127, 229
What are the prime factors of 4415512?
2, 17, 32467
What are the prime factors of 1563581?
101, 113, 137
List the prime factors of 21612.
2, 3, 1801
What are the prime factors of 1037107?
103, 10069
List the prime factors of 1173995.
5, 234799
List the prime factors of 24517321.
1229, 19949
List the prime factors of 9497178.
2, 3, 257, 2053
List the prime factors of 2498798.
2, 83, 15053
What are the prime factors of 296345?
5, 7, 8467
List the prime factors of 41708.
2, 10427
What are the prime factors of 230750?
2, 5, 13, 71
List the prime factors of 29